9
What are the prime factors of 1141?
7, 163
List the prime factors of 1408.
2, 11
What are the prime factors of 17377?
17377
List the prime factors of 1760.
2, 5, 11
What are the prime factors of 23406?
2, 3, 47, 83
List the prime factors of 691.
691
List the prime factors of 41590.
2, 5, 4159
List the prime factors of 33023.
33023
List the prime factors of 11172.
2, 3, 7, 19
List the prime factors of 970.
2, 5, 97
What are the prime factors of 63481?
11, 29, 199
List the prime factors of 890.
2, 5, 89
List the prime factors of 2564.
2, 641
What are the prime factors of 7871?
17, 463
List the prime factors of 142032.
2, 3, 11, 269
List the prime factors of 700.
2, 5, 7
List the prime factors of 8030.
2, 5, 11, 73
List the prime factors of 877.
877
What are the prime factors of 8989?
89, 101
List the prime factors of 245.
5, 7
What are the prime factors of 4796?
2, 11, 109
What are the prime factors of 32976?
2, 3, 229
List the prime factors of 1939.
7, 277
List the prime factors of 111653.
111653
List the prime factors of 1236.
2, 3, 103
List the prime factors of 2507.
23, 109
List the prime factors of 6728.
2, 29
What are the prime factors of 39318?
2, 3, 6553
What are the prime factors of 2440?
2, 5, 61
List the prime factors of 2608.
2, 163
List the prime factors of 67488.
2, 3, 19, 37
List the prime factors of 1181.
1181
What are the prime factors of 3033?
3, 337
List the prime factors of 150.
2, 3, 5
What are the prime factors of 314?
2, 157
What are the prime factors of 89447?
23, 3889
What are the prime factors of 34163?
127, 269
What are the prime factors of 1627?
1627
List the prime factors of 34566.
2, 3, 7, 823
List the prime factors of 15064.
2, 7, 269
What are the prime factors of 25937?
37, 701
List the prime factors of 3348.
2, 3, 31
List the prime factors of 9584.
2, 599
List the prime factors of 40769.
59, 691
What are the prime factors of 43987?
43987
List the prime factors of 44776.
2, 29, 193
List the prime factors of 1013.
1013
List the prime factors of 1420.
2, 5, 71
List the prime factors of 97352.
2, 43, 283
List the prime factors of 3973.
29, 137
What are the prime factors of 3596?
2, 29, 31
What are the prime factors of 904?
2, 113
List the prime factors of 733.
733
List the prime factors of 7027.
7027
What are the prime factors of 4369?
17, 257
What are the prime factors of 46036?
2, 17, 677
What are the prime factors of 1614?
2, 3, 269
List the prime factors of 45042.
2, 3, 7507
List the prime factors of 7331.
7331
List the prime factors of 1431.
3, 53
What are the prime factors of 2678?
2, 13, 103
List the prime factors of 17791.
17791
What are the prime factors of 36826?
2, 18413
What are the prime factors of 2972?
2, 743
What are the prime factors of 26614?
2, 7, 1901
What are the prime factors of 26122?
2, 37, 353
List the prime factors of 843.
3, 281
List the prime factors of 522.
2, 3, 29
List the prime factors of 986.
2, 17, 29
List the prime factors of 2737.
7, 17, 23
List the prime factors of 33576.
2, 3, 1399
List the prime factors of 8906.
2, 61, 73
List the prime factors of 2577.
3, 859
List the prime factors of 4237.
19, 223
List the prime factors of 351.
3, 13
List the prime factors of 504.
2, 3, 7
List the prime factors of 3043.
17, 179
List the prime factors of 30595.
5, 29, 211
List the prime factors of 21511.
7, 439
What are the prime factors of 2440?
2, 5, 61
What are the prime factors of 701?
701
List the prime factors of 1899.
3, 211
List the prime factors of 61300.
2, 5, 613
List the prime factors of 16176.
2, 3, 337
List the prime factors of 126009.
3, 13, 359
What are the prime factors of 12883?
13, 991
List the prime factors of 2966.
2, 1483
List the prime factors of 745.
5, 149
List the prime factors of 5541.
3, 1847
List the prime factors of 4963.
7, 709
List the prime factors of 3500.
2, 5, 7
List the prime factors of 32407.
23, 1409
List the prime factors of 18571.
7, 379
What are the prime factors of 2432?
2, 19
What are the prime factors of 1019?
1019
What are the prime factors of 64018?
2, 32009
List the prime factors of 128383.
19, 29, 233
List the prime factors of 5925.
3, 5, 79
What are the prime factors of 1255?
5, 251
What are the prime factors of 53449?
11, 43, 113
List the prime factors of 16.
2
What are the prime factors of 5465?
5, 1093
What are the prime factors of 3880?
2, 5, 97
What are the prime factors of 976?
2, 61
What are the prime factors of 49292?
2, 12323
List the prime factors of 44565.
3, 5, 2971
List the prime factors of 12369.
3, 7, 19, 31
What are the prime factors of 56243?
11, 5113
What are the prime factors of 10794?
2, 3, 7, 257
List the prime factors of 1068.
2, 3, 89
What are the prime factors of 25910?
2, 5, 2591
List the prime factors of 747.
3, 83
List the prime factors of 5548.
2, 19, 73
What are the prime factors of 1543?
1543
List the prime factors of 1134.
2, 3, 7
What are the prime factors of 4493?
4493
List the prime factors of 20666.
2, 10333
List the prime factors of 4107.
3, 37
List the prime factors of 1291.
1291
What are the prime factors of 3591?
3, 7, 19
List the prime factors of 5741.
5741
List the prime factors of 1645.
5, 7, 47
What are the prime factors of 3098?
2, 1549
What are the prime factors of 31640?
2, 5, 7, 113
List the prime factors of 514.
2, 257
List the prime factors of 38024.
2, 7, 97
List the prime factors of 2124.
2, 3, 59
What are the prime factors of 44885?
5, 47, 191
What are the prime factors of 43964?
2, 29, 379
List the prime factors of 20.
2, 5
What are the prime factors of 2537?
43, 59
List the prime factors of 8025.
3, 5, 107
What are the prime factors of 2457?
3, 7, 13
What are the prime factors of 53898?
2, 3, 13, 691
List the prime factors of 2971.
2971
List the prime factors of 7221.
3, 29, 83
List the prime factors of 2465.
5, 17, 29
List the prime factors of 9526.
2, 11, 433
List the prime factors of 2872.
2, 359
List the prime factors of 13416.
2, 3, 13, 43
What are the prime factors of 31207?
11, 2837
List the prime factors of 25429.
59, 431
What are the prime factors of 34187?
17, 2011
List the prime factors of 1445.
5, 17
What are the prime factors of 6780?
2, 3, 5, 113
What are the prime factors of 492?
2, 3, 41
What are the prime factors of 2823?
3, 941
What are the prime factors of 68340?
2, 3, 5, 17, 67
What are the prime factors of 875?
5, 7
What are the prime factors of 7378?
2, 7, 17, 31
What are the prime factors of 3151?
23, 137
What are the prime factors of 14?
2, 7
List the prime factors of 29546.
2, 11, 17, 79
List the prime factors of 626.
2, 313
List the prime factors of 7423.
13, 571
List the prime factors of 7923.
3, 19, 139
What are the prime factors of 1389?
3, 463
List the prime factors of 89358.
2, 3, 53, 281
What are the prime factors of 39059?
139, 281
What are the prime factors of 168251?
311, 541
What are the prime factors of 3549?
3, 7, 13
List the prime factors of 710.
2, 5, 71
List the prime factors of 9180.
2, 3, 5, 17
List the prime factors of 116.
2, 29
List the prime factors of 659.
659
What are the prime factors of 763?
7, 109
List the prime factors of 1702.
2, 23, 37
What are the prime factors of 101784?
2, 3, 4241
What are the prime factors of 8060?
2, 5, 13, 31
List the prime factors of 502.
2, 251
What are the prime factors of 9025?
5, 19
What are the prime factors of 14893?
53, 281
List the prime factors of 18673.
71, 263
List the prime factors of 775.
5, 31
What are the prime factors of 847?
7, 11
List the prime factors of 2284.
2, 571
List the prime factors of 76192.
2, 2381
List the prime factors of 3449.
3449
What are the prime factors of 15319?
15319
List the prime factors of 931.
7, 19
What are the prime factors of 6279?
3, 7, 13, 23
List the prime factors of 2327.
13, 179
What are the prime factors of 15835?
5, 3167
What are the prime factors of 4694?
2, 2347
What are the prime factors of 3179?
11, 17
What are the prime factors of 1345?
5, 269
List the prime factors of 40723.
193, 211
What are the prime factors of 18381?
3, 11, 557
List the prime factors of 1298.
2, 11, 59
List the prime factors of 6541.
31, 211
List the prime factors of 11893.
7, 1699
What are the prime factors of 105535?
5, 21107
What are the prime factors of 29162?
2, 7, 2083
List t